{"id":10,"date":"2019-10-02T09:22:27","date_gmt":"2019-10-02T09:22:27","guid":{"rendered":"https:\/\/ecosmetiklab.fr\/?page_id=10"},"modified":"2020-02-07T15:35:00","modified_gmt":"2020-02-07T15:35:00","slug":"contact","status":"publish","type":"page","link":"https:\/\/ecosmetiklab.fr\/?page_id=10","title":{"rendered":"Contact"},"content":{"rendered":"\n<figure class=\"wp-block-image size-large is-style-default\"><img loading=\"lazy\" decoding=\"async\" width=\"794\" height=\"559\" src=\"https:\/\/ecosmetiklab.fr\/wp-content\/uploads\/2020\/02\/logo_def_a5-1.png\" alt=\"\" class=\"wp-image-96\" srcset=\"https:\/\/ecosmetiklab.fr\/wp-content\/uploads\/2020\/02\/logo_def_a5-1.png 794w, https:\/\/ecosmetiklab.fr\/wp-content\/uploads\/2020\/02\/logo_def_a5-1-300x211.png 300w, https:\/\/ecosmetiklab.fr\/wp-content\/uploads\/2020\/02\/logo_def_a5-1-768x541.png 768w\" sizes=\"auto, (max-width: 767px) 89vw, (max-width: 1000px) 54vw, (max-width: 1071px) 543px, 580px\" \/><\/figure>\n\n\n<p>N&rsquo;h\u00e9sitez pas \u00e0 nous contacter si vous avez des questions ! Nous vous r\u00e9pondrons tr\u00e8s rapidement.<strong><br><\/strong><\/p>\n<p><strong>Adresse<\/strong><\/p>\n<p>77 rue de Molsheim<\/p>\n<p>67280 Urmatt<\/p>\n<p><strong>Contact<\/strong><\/p>\n<p>contact@ecosmetiklab.fr<\/p>\n<p>06 13 20 46 07<\/p>","protected":false},"excerpt":{"rendered":"<p>N&rsquo;h\u00e9sitez pas \u00e0 nous contacter si vous avez des questions ! Nous vous r\u00e9pondrons tr\u00e8s rapidement. Adresse 77 rue de Molsheim 67280 Urmatt Contact contact@ecosmetiklab.fr 06 13 20 46 07<\/p>\n","protected":false},"author":1,"featured_media":0,"parent":0,"menu_order":0,"comment_status":"closed","ping_status":"closed","template":"","meta":{"footnotes":""},"class_list":["post-10","page","type-page","status-publish","hentry"],"_links":{"self":[{"href":"https:\/\/ecosmetiklab.fr\/index.php?rest_route=\/wp\/v2\/pages\/10","targetHints":{"allow":["GET"]}}],"collection":[{"href":"https:\/\/ecosmetiklab.fr\/index.php?rest_route=\/wp\/v2\/pages"}],"about":[{"href":"https:\/\/ecosmetiklab.fr\/index.php?rest_route=\/wp\/v2\/types\/page"}],"author":[{"embeddable":true,"href":"https:\/\/ecosmetiklab.fr\/index.php?rest_route=\/wp\/v2\/users\/1"}],"replies":[{"embeddable":true,"href":"https:\/\/ecosmetiklab.fr\/index.php?rest_route=%2Fwp%2Fv2%2Fcomments&post=10"}],"version-history":[{"count":8,"href":"https:\/\/ecosmetiklab.fr\/index.php?rest_route=\/wp\/v2\/pages\/10\/revisions"}],"predecessor-version":[{"id":100,"href":"https:\/\/ecosmetiklab.fr\/index.php?rest_route=\/wp\/v2\/pages\/10\/revisions\/100"}],"wp:attachment":[{"href":"https:\/\/ecosmetiklab.fr\/index.php?rest_route=%2Fwp%2Fv2%2Fmedia&parent=10"}],"curies":[{"name":"wp","href":"https:\/\/api.w.org\/{rel}","templated":true}]}}