{"id":109,"date":"2020-08-19T13:03:26","date_gmt":"2020-08-19T13:03:26","guid":{"rendered":"https:\/\/ecosmetiklab.fr\/?page_id=109"},"modified":"2020-08-19T13:03:26","modified_gmt":"2020-08-19T13:03:26","slug":"tarifs","status":"publish","type":"page","link":"https:\/\/ecosmetiklab.fr\/?page_id=109","title":{"rendered":"Tarifs"},"content":{"rendered":"\n<p>Un atelier comporte au maximum 8 personnes (sauf l&rsquo;atelier saponification). Tout le mat\u00e9riel, ainsi que les mati\u00e8res premi\u00e8res et les contenants, est fourni. <\/p>\n\n\n\n<p><\/p>\n\n\n\n<p><strong>Atelier avec r\u00e9alisation de 2 produits<\/strong> : 24 Euros\/personne<\/p>\n\n\n\n<p><strong>Atelier avec r\u00e9alisation d&rsquo;un produit <\/strong>: 12 Euros\/personne<\/p>\n\n\n\n<p><\/p>\n\n\n\n<p><\/p>\n","protected":false},"excerpt":{"rendered":"<p>Un atelier comporte au maximum 8 personnes (sauf l&rsquo;atelier saponification). Tout le mat\u00e9riel, ainsi que les mati\u00e8res premi\u00e8res et les contenants, est fourni. Atelier avec r\u00e9alisation de 2 produits : 24 Euros\/personne Atelier avec r\u00e9alisation d&rsquo;un produit : 12 Euros\/personne<\/p>\n","protected":false},"author":1,"featured_media":0,"parent":0,"menu_order":0,"comment_status":"closed","ping_status":"closed","template":"","meta":{"footnotes":""},"class_list":["post-109","page","type-page","status-publish","hentry"],"_links":{"self":[{"href":"https:\/\/ecosmetiklab.fr\/index.php?rest_route=\/wp\/v2\/pages\/109","targetHints":{"allow":["GET"]}}],"collection":[{"href":"https:\/\/ecosmetiklab.fr\/index.php?rest_route=\/wp\/v2\/pages"}],"about":[{"href":"https:\/\/ecosmetiklab.fr\/index.php?rest_route=\/wp\/v2\/types\/page"}],"author":[{"embeddable":true,"href":"https:\/\/ecosmetiklab.fr\/index.php?rest_route=\/wp\/v2\/users\/1"}],"replies":[{"embeddable":true,"href":"https:\/\/ecosmetiklab.fr\/index.php?rest_route=%2Fwp%2Fv2%2Fcomments&post=109"}],"version-history":[{"count":3,"href":"https:\/\/ecosmetiklab.fr\/index.php?rest_route=\/wp\/v2\/pages\/109\/revisions"}],"predecessor-version":[{"id":115,"href":"https:\/\/ecosmetiklab.fr\/index.php?rest_route=\/wp\/v2\/pages\/109\/revisions\/115"}],"wp:attachment":[{"href":"https:\/\/ecosmetiklab.fr\/index.php?rest_route=%2Fwp%2Fv2%2Fmedia&parent=109"}],"curies":[{"name":"wp","href":"https:\/\/api.w.org\/{rel}","templated":true}]}}